*r. What is the greatest common factor of d and b?
8
Let q = 70 - 48. Suppose -31 = -w + s, 2*s + 25 = -3*s. Let g = w - 15. What is the greatest common factor of q and g?
11
Suppose 17*v = 10*v + 1008. Calculate the greatest common divisor of 108 and v.
36
Suppose -3*r + 7*r + 56 = 0. Let u = -8 - r. Calculate the highest common divisor of 1 and u.
1
Let a(q) = -q + 8. Let y be -4*((-3)/1 + 5). Let n be a(y). Calculate the highest common divisor of n and 2.
2
Let c be ((-6)/4)/((-9)/12). Calculate the highest common divisor of c and 6.
2
Let c be (-1)/((-1)/(-35)*-1). Suppose d + c = 6*d. Let l be d - (-2 - 0/2). What is the greatest common factor of 72 and l?
9
Let d be 53/(-11) + 14/(-77). Let r be (-9)/(-6)*(-3 - d). Suppose 0*a - r*a = -21. What is the greatest common divisor of a and 7?
7
Let y be 4 - 6 - (-9 + 0). Suppose -5 = -5*c - 0. Let w be (-126)/(-2) - (-1 + c). What is the greatest common factor of w and y?
7
Suppose 5*c - 948 = 1032. What is the greatest common divisor of c and 36?
36
Suppose 8 = -13*z + 125. Calculate the highest common factor of 63 and z.
9
Let l = 187 - 26. What is the greatest common divisor of 23 and l?
23
Suppose 3*a + 5 = -7. Let c(n) = -n**2 + 10*n - 4. Let r be c(9). Let d be (r + a)*(14 + -2). What is the greatest common factor of d and 30?
6
Let y(z) = z**2 - 10*z + 8. Let p be y(9). Let o(g) = -16*g + 4. Let d be o(-4). Let x be d + p*2*1. What is the greatest common divisor of 44 and x?
22
Let g = 7 + -1. Let p(n) = 0*n**3 - 5*n**2 - 3*n - 1 + 0*n + n**3. Let v be p(g). Calculate the greatest common divisor of v and 119.
17
Let i = 7 + -5. Suppose 0 = -3*y + y - 5*n + 18, i*n = y. What is the highest common factor of y and 10?
2
Let l(w) = -69*w - 33. Let t be l(-2). Calculate the highest common divisor of t and 30.
15
Let j = 3 + 1. Suppose 8 = 3*i - 2*i. Suppose 4*f + 0*f = i. What is the highest common divisor of j and f?
2
Suppose -2*h = -20 - 150. Let x be (101 + 1)*1/(-1). Let i = -68 - x. What is the greatest common divisor of i and h?
17
Suppose 5*k + n - 52 + 217 = 0, -5*n = -5*k - 135. Let a = k + 58. What is the greatest common divisor of a and 13?
13
Let l = -26 + 39. What is the highest common divisor of 91 and l?
13
Let b(j) = -12*j - j**2 + j - 7 + 1. Let t be b(-10). Let p be t*(-1)/3*-9. What is the greatest common factor of p and 84?
12
Suppose 26 = 3*v - 49. Suppose -p + 0 = -2. Let t(c) = 2*c**3 - 3*c**2 + 3*c. Let r be t(p). What is the greatest common factor of r and v?
5
Suppose -450 = -0*r - 2*r. Let j be r/2 + (-1)/2. What is the highest common divisor of j and 16?
16
Let s = 11 - 7. Suppose i - s*i - 8 = -2*z, 0 = -2*z - 3*i - 4. What is the greatest common factor of z and 11?
1
Let y(t) = -t**2 - 5*t + 6. Let k be y(-5). Suppose 0*l + k = l. What is the highest common factor of l and 18?
6
Let n(w) = w - 1. Let i be n(18). Calculate the greatest common divisor of i and 17.
17
Let c be ((-1)/(-4) - (-5)/(-4)) + 3. Calculate the greatest common factor of c and 6.
2
Let m = -391 - -495. Let j(i) = i**3 + 6*i**2 + i - 2. Let v be j(-4). What is the highest common divisor of v and m?
26
Let t(v) be the second derivative of 5*v**4/12 + v**3/2 + v**2/2 + 5*v. Let z be t(-4). What is the highest common factor of 23 and z?
23
Let q be (-16)/6*(-99)/6. What is the greatest common divisor of q and 4?
4
Let s = -18 - -18. Suppose s = 3*c + 4*v - 7*v - 51, v = -5*c + 73. Let f(a) = 4*a**3 + 5*a - 3. Let x be f(3). Calculate the greatest common factor of c and x.
15
Suppose -6*x - x = -35. Suppose z - 2*j - 31 = 0, -3*z + 0*j + 3*j + 84 = 0. What is the highest common divisor of z and x?
5
Suppose 4*k + 23 = 2*i - 3*i, 2*i - 4*k - 2 = 0. Let u = i + 15. What is the greatest common factor of u and 1?
1
Let g(d) = 5*d**2 - d - 1. Let h be g(-1). Suppose 0 = h*q - q - 120. Let t = -25 + 45. What is the greatest common divisor of t and q?
10
Let r be (-2 + 3)/(1/2). Let h = r + -1. Let d = 0 - -1. Calculate the highest common factor of h and d.
1
Suppose 4*s - 209 = -4*t + 71, -5*t = -3*s - 350. Let z be 10/3*(-84)/(-10). What is the highest common factor of t and z?
14
Let p = 42 - 39. Calculate the highest common divisor of p and 2.
1
Suppose 5*z - 231 = -3*n, 4*z - 8*n = -7*n + 178. Calculate the greatest common factor of z and 5.
5
Let a be (12 - 2)*5/(-2). Let s = a + 49. What is the highest common divisor of s and 168?
24
Suppose 0 = o + 3*p - 10, 3*o + 0*p = 2*p - 3. Calculate the highest common factor of 5 and o.
1
Let d be (-1)/((1 + -3)/42). Suppose -242 = 4*l - 914. Calculate the highest common divisor of d and l.
21
Let m = 4 - 4. Let p be (-6)/(m + 3) - -27. Calculate the highest common factor of 175 and p.
25
Let u be (-12)/8*(-10)/3. Suppose -5*z - 35 = -u*k, -2*k - 2*z + 24 = z. Calculate the highest common divisor of k and 27.
9
Let h(g) = -g**3 + 9*g**2 + 14*g - 7. Let p be h(10). Calculate the highest common divisor of 99 and p.
33
Suppose 0 = 3*q - 3*h - 276, -2*q + 178 = h - 0*h. Suppose -d + 3 = 3*n, 5*d - 7*n = -2*n + 115. What is the highest common factor of q and d?
18
Let g(b) = -b + 1. Let k be g(-5). Let c(w) = w**3 - 6*w**2 + w + 4. Let r be c(k). What is the greatest common factor of r and 40?
10
Let b = -74 + 110. Suppose 0 = -r + 2*r - b. Calculate the greatest common divisor of r and 12.
12
Let y be -1 - -1 - (-16 + -1). Let x = y - 8. Let w be 19 - (-1 + (-2)/(-1)). What is the greatest common divisor of x and w?
9
Let c = -1 + 1. Suppose c = 2*z - 3*t - 9 - 1, t = -z + 10. Let v be 6/z + 42/8. Calculate the highest common factor of v and 1.
1
Let x(d) = d - 5. Let n be x(7). Calculate the greatest common divisor of 6 and n.
2
Let k = 5 - 0. Suppose -3*d + 120 = -k*h, 2*d - 79 = -4*h + 1. Suppose g + 2 = 2*g, -2*g = 3*s - d. What is the highest common factor of 84 and s?
12
Let t(r) = -2*r - 4. Let o be t(-4). Suppose 0 = -5*i + 255 - 75. Suppose -2*g + g + i = 0. Calculate the greatest common factor of o and g.
4
Suppose 4*r = 4*w - 16, 3*w + 2*r + r - 18 = 0. Suppose w*g - 38 - 12 = 0. Let v = 108 + -38. What is the greatest common factor of v and g?
10
Suppose 2*w - 6 = 30. Let i(h) = h**3 - 2*h**2 + 2. Let c be i(0). What is the highest common factor of w and c?
2
Suppose 4*t + l - 2*l - 20 = 0, 2*t + 3*l - 24 = 0. Let k(c) = -c**3 + 5*c**2 + 8*c - 8. Let x be k(t). Calculate the highest common factor of 8 and x.
4
Suppose 5*u - 7*u = 0. Suppose 0*k + 136 = 2*k - 2*p, -3*k - p + 184 = u. What is the greatest common divisor of 21 and k?
21
Let u be (2/(-4) - -1)*(17 + -5). What is the greatest common factor of 2 and u?
2
Let z be (-6)/14 + (-400)/(-35). What is the greatest common factor of z and 11?
11
Let f = 24 - 12. What is the highest common factor of 8 and f?
4
Suppose 38 = -4*c + 246. What is the greatest common divisor of c and 26?
26
Suppose 123 = 2*v + v. Let h = v + -25. Let f be ((-30)/(-4))/((-6)/(-32)). Calculate the highest common divisor of f and h.
8
Let m = -92 + 138. Let h = 135 - 20. What is the highest common factor of h and m?
23
Let j = -39 - -55. What is the greatest common factor of j and 40?
8
Suppose 5*j - 20 = 5*z, 3*j - 4*z - 20 = -3*z. Calculate the greatest common factor of j and 8.
8
Let r = 20 - 12. Suppose -r + 0 = -h. What is the greatest common factor of 4 and h?
4
Suppose 2*v = 2, -22 = -4*p + 2*v + 12. Let a be (-2 - -6)/(6/p). Let f be 18/4*(-16)/(-6). Calculate the greatest common factor of f and a.
6
Let t(k) = k + 2. Let o be t(-2). Suppose o*i - 3*i - 45 = 0. Let h = 21 + i. What is the highest common factor of h and 18?
6
Suppose -16 = 13*f - 15*f. Let o(x) = 55*x**2 + x. Let j be o(1). Calculate the highest common factor of f and j.
8
Let i = 6 + 60. Calculate the highest common divisor of i and 6.
6
Let c(i) = -i**3 + 7*i**2 + i - 1. Suppose 0 = 3*t - 15. Let k be c(t). What is the highest common divisor of 6 and k?
6
Let b be ((-42)/(-18) - -1)*27/3. Calculate the highest common factor of b and 40.
10
Suppose -32 = -2*g - 2*g. Suppose -11*u + 54 = -g*u. Calculate the greatest common divisor of u and 45.
9
Let z = 12 - 6. Suppose 5*d = p + 10, 2*d = -d - 4*p + z. Suppose -d*k + 5*q = -22, -2*q = -3*k + 5 + 28. What is the highest common divisor of k and 44?
11
Suppose 0 = s + 2*s - 12. Suppose -s*c + 68